{"id":1923,"date":"2023-09-18T22:08:33","date_gmt":"2023-09-19T01:08:33","guid":{"rendered":"http:\/\/sh-pro122.teste.website\/~evendc75\/revenda\/?post_type=product&#038;p=1923"},"modified":"2023-09-18T22:10:27","modified_gmt":"2023-09-19T01:10:27","slug":"agua-sanitaria-kboa-2-litros-caixa-com-15-unidades-e-frete-gratis-na-grande-sao-paulo-e-entrega-em-24-horas","status":"publish","type":"product","link":"https:\/\/www.evend.com.br\/revenda\/produto\/agua-sanitaria-kboa-2-litros-caixa-com-15-unidades-e-frete-gratis-na-grande-sao-paulo-e-entrega-em-24-horas\/","title":{"rendered":"\u00c1gua sanit\u00e1ria KBOA 2 Litros. Caixa com 15 unidades e frete gr\u00e1tis na Grande S\u00e3o Paulo e entrega em 24 horas"},"content":{"rendered":"<p>\u00c1gua Sanit\u00e1ria 2 Litros.<\/p>\n","protected":false},"excerpt":{"rendered":"<p>\u00c1gua Sanit\u00e1ria 2 Litros<\/p>\n<p>Embalagem: 2 Litros<\/p>\n<p>Dilui\u00e7\u00e3o: 100 ml para at\u00e9 5Litros.<\/p>\n","protected":false},"featured_media":1918,"comment_status":"open","ping_status":"closed","template":"","meta":[],"product_brand":[],"product_cat":[69,77,72,36],"product_tag":[98],"class_list":{"0":"post-1923","1":"product","2":"type-product","3":"status-publish","4":"has-post-thumbnail","6":"product_cat-industrial","7":"product_cat-limpeza","8":"product_cat-produto-quimico","9":"product_cat-produtos-de-limpeza-e-polimento","10":"product_tag-agua-sanitaria","11":"product_shipping_class-log","13":"first","14":"instock","15":"sale","16":"taxable","17":"shipping-taxable","18":"purchasable","19":"product-type-simple"},"_links":{"self":[{"href":"https:\/\/www.evend.com.br\/revenda\/wp-json\/wp\/v2\/product\/1923","targetHints":{"allow":["GET"]}}],"collection":[{"href":"https:\/\/www.evend.com.br\/revenda\/wp-json\/wp\/v2\/product"}],"about":[{"href":"https:\/\/www.evend.com.br\/revenda\/wp-json\/wp\/v2\/types\/product"}],"replies":[{"embeddable":true,"href":"https:\/\/www.evend.com.br\/revenda\/wp-json\/wp\/v2\/comments?post=1923"}],"wp:featuredmedia":[{"embeddable":true,"href":"https:\/\/www.evend.com.br\/revenda\/wp-json\/wp\/v2\/media\/1918"}],"wp:attachment":[{"href":"https:\/\/www.evend.com.br\/revenda\/wp-json\/wp\/v2\/media?parent=1923"}],"wp:term":[{"taxonomy":"product_brand","embeddable":true,"href":"https:\/\/www.evend.com.br\/revenda\/wp-json\/wp\/v2\/product_brand?post=1923"},{"taxonomy":"product_cat","embeddable":true,"href":"https:\/\/www.evend.com.br\/revenda\/wp-json\/wp\/v2\/product_cat?post=1923"},{"taxonomy":"product_tag","embeddable":true,"href":"https:\/\/www.evend.com.br\/revenda\/wp-json\/wp\/v2\/product_tag?post=1923"}],"curies":[{"name":"wp","href":"https:\/\/api.w.org\/{rel}","templated":true}]}}