{"id":1944,"date":"2024-08-23T16:53:58","date_gmt":"2024-08-23T19:53:58","guid":{"rendered":"https:\/\/www.evend.com.br\/revenda\/?post_type=product&#038;p=1944"},"modified":"2024-08-23T16:53:58","modified_gmt":"2024-08-23T19:53:58","slug":"ureia-prill-46","status":"publish","type":"product","link":"https:\/\/www.evend.com.br\/revenda\/produto\/ureia-prill-46\/","title":{"rendered":"Ureia Prill 46%"},"content":{"rendered":"<p><strong>UREIA PRILL 46%<\/strong><\/p>\n<p>&nbsp;<\/p>\n<p><strong>NCM:<\/strong> 3102.10.10<\/p>\n<p><strong>Nome Comercial:<\/strong> Ur\u00e9ia Prill<\/p>\n<p><strong>Sin\u00f4nimos:<\/strong> Resina de carbamida; Isour\u00e9ia; Carbonildiamida; Carbonildiamina<\/p>\n<p><strong>F\u00f3rmula Qu\u00edmica:<\/strong> NH\u2082CONH\u2082<\/p>\n<p><strong>N\u00famero CAS:<\/strong> 57-13-6<\/p>\n<p><strong>Apar\u00eancia e odor:<\/strong> S\u00f3lido prill branco com odor de am\u00f4nia<\/p>\n<p><strong>Peso molecular:<\/strong> 60,06 g\/mol<\/p>\n<p><strong>Ponto de fus\u00e3o:<\/strong> Decomp\u00f5e-se parcialmente a 133\u00b0C (271,4\u00b0F)<\/p>\n<p><strong>Solubilidade em \u00e1gua:<\/strong> 100%<\/p>\n<p><strong>Gravidade espec\u00edfica:<\/strong> 1,335<\/p>\n<p><strong>Composi\u00e7\u00e3o:<\/strong><\/p>\n<ul>\n<li><strong>NITROG\u00caNIO (N):<\/strong> 46% em peso, m\u00ednimo<\/li>\n<li><strong>BIURETO:<\/strong> 1,00% em peso<\/li>\n<li><strong>UMIDADE:<\/strong> 0,5% em peso, m\u00e1ximo<\/li>\n<li><strong>FORMALDE\u00cdDO (GAMA):<\/strong> 0,27% &#8211; 0,55%<\/li>\n<\/ul>\n<p><strong>Granulometria:<\/strong><\/p>\n<ul>\n<li><strong>M.O.A.F.C (I) Granulometria (Part\u00edculas Passantes)<\/strong><\/li>\n<li><strong>Tyler 4 (4,80 mm):<\/strong> 100%<\/li>\n<li><strong>Tyler 9 (2,0 mm):<\/strong> 90% &#8211; 100%<\/li>\n<li><strong>Tyler 16 (1,00 mm):<\/strong> 0% &#8211; 5%<\/li>\n<\/ul>\n<p><strong>Estabilidade e reatividade:<\/strong><\/p>\n<p>A ureia prill \u00e9 um produto est\u00e1vel sob condi\u00e7\u00f5es normais de manuseio e armazenamento. Pode decompor-se quando aquecida acima de seu ponto de fus\u00e3o. \u00c9 compat\u00edvel com a maioria dos fertilizantes, mas deve ser armazenada separadamente de subst\u00e2ncias \u00e1cidas para evitar rea\u00e7\u00f5es indesejadas.<\/p>\n<p><strong>Aplica\u00e7\u00f5es e benef\u00edcios:<\/strong><\/p>\n<p>A ureia prill \u00e9 amplamente utilizada como fonte de nitrog\u00eanio para fertiliza\u00e7\u00e3o de culturas agr\u00edcolas. Sua forma prill proporciona uma aplica\u00e7\u00e3o precisa e uniforme no solo, facilitando a absor\u00e7\u00e3o pelas plantas e minimizando perdas por volatiliza\u00e7\u00e3o. Isso resulta em um crescimento eficiente e saud\u00e1vel das plantas, contribuindo para maiores rendimentos nas colheitas.<\/p>\n","protected":false},"excerpt":{"rendered":"<p>UREIA PRILL 46% &nbsp; NCM: 3102.10.10 Nome Comercial: Ur\u00e9ia Prill Sin\u00f4nimos: Resina de carbamida; Isour\u00e9ia; Carbonildiamida; Carbonildiamina F\u00f3rmula Qu\u00edmica: NH\u2082CONH\u2082 N\u00famero CAS: 57-13-6 Apar\u00eancia e odor: S\u00f3lido prill branco com odor de am\u00f4nia Peso molecular: 60,06 g\/mol Ponto de fus\u00e3o: Decomp\u00f5e-se parcialmente a 133\u00b0C (271,4\u00b0F) Solubilidade em \u00e1gua: 100% Gravidade espec\u00edfica: 1,335 Composi\u00e7\u00e3o: NITROG\u00caNIO (N): [&hellip;]<\/p>\n","protected":false},"featured_media":1945,"comment_status":"open","ping_status":"closed","template":"","meta":[],"product_brand":[],"product_cat":[73],"product_tag":[],"class_list":{"0":"post-1944","1":"product","2":"type-product","3":"status-publish","4":"has-post-thumbnail","6":"product_cat-agricola","8":"first","9":"onbackorder","10":"taxable","11":"shipping-taxable","12":"product-type-simple"},"_links":{"self":[{"href":"https:\/\/www.evend.com.br\/revenda\/wp-json\/wp\/v2\/product\/1944","targetHints":{"allow":["GET"]}}],"collection":[{"href":"https:\/\/www.evend.com.br\/revenda\/wp-json\/wp\/v2\/product"}],"about":[{"href":"https:\/\/www.evend.com.br\/revenda\/wp-json\/wp\/v2\/types\/product"}],"replies":[{"embeddable":true,"href":"https:\/\/www.evend.com.br\/revenda\/wp-json\/wp\/v2\/comments?post=1944"}],"wp:featuredmedia":[{"embeddable":true,"href":"https:\/\/www.evend.com.br\/revenda\/wp-json\/wp\/v2\/media\/1945"}],"wp:attachment":[{"href":"https:\/\/www.evend.com.br\/revenda\/wp-json\/wp\/v2\/media?parent=1944"}],"wp:term":[{"taxonomy":"product_brand","embeddable":true,"href":"https:\/\/www.evend.com.br\/revenda\/wp-json\/wp\/v2\/product_brand?post=1944"},{"taxonomy":"product_cat","embeddable":true,"href":"https:\/\/www.evend.com.br\/revenda\/wp-json\/wp\/v2\/product_cat?post=1944"},{"taxonomy":"product_tag","embeddable":true,"href":"https:\/\/www.evend.com.br\/revenda\/wp-json\/wp\/v2\/product_tag?post=1944"}],"curies":[{"name":"wp","href":"https:\/\/api.w.org\/{rel}","templated":true}]}}